What is the highest common factor of 18684 and 2268?
108
What is the greatest common divisor of 2407 and 1363?
29
Calculate the greatest common factor of 3675 and 1425.
75
What is the greatest common divisor of 70870 and 1425?
95
What is the highest common factor of 84803 and 4952?
619
What is the greatest common divisor of 22824 and 4662?
18
Calculate the highest common factor of 48578 and 5350.
214
What is the highest common divisor of 9313 and 22646?
67
Calculate the highest common factor of 20952 and 2502.
18
What is the greatest common factor of 3669984 and 180?
36
What is the highest common divisor of 850 and 1130?
10
Calculate the highest common factor of 1416 and 602331.
177
What is the highest common divisor of 656 and 669366?
82
Calculate the greatest common factor of 132875 and 375.
125
Calculate the highest common factor of 260 and 589420.
260
What is the highest common divisor of 8804 and 97412?
284
What is the greatest common divisor of 375 and 19485?
15
What is the highest common factor of 211638 and 84?
42
Calculate the highest common factor of 4151 and 14825.
593
Calculate the highest common factor of 54899 and 416.
13
Calculate the highest common factor of 99120 and 224.
112
What is the highest common divisor of 7557044 and 11?
11
Calculate the greatest common factor of 23797 and 8692.
53
What is the greatest common factor of 63 and 103050?
9
Calculate the greatest common factor of 281 and 520693.
281
Calculate the greatest common divisor of 35890 and 33465.
485
What is the highest common factor of 1996048 and 16?
16
What is the highest common factor of 13 and 226915?
13
What is the highest common divisor of 2242 and 60686?
38
What is the greatest common divisor of 160 and 484?
4
What is the highest common factor of 70 and 248255?
35
What is the highest common factor of 2560 and 3140?
20
Calculate the greatest common factor of 620 and 290408.
124
Calculate the highest common divisor of 9704345 and 19.
19
What is the greatest common divisor of 12 and 155436?
12
What is the greatest common divisor of 840 and 751680?
120
What is the highest common factor of 41 and 2569019?
41
What is the greatest common factor of 783 and 244287?
9
Calculate the highest common factor of 46782 and 678.
678
What is the greatest common factor of 70098 and 21?
21
Calculate the highest common factor of 108 and 334872.
36
What is the highest common divisor of 3354 and 2064?
258
What is the greatest common factor of 247485 and 1785?
105
Calculate the highest common factor of 682 and 188573.
341
Calculate the highest common factor of 535865 and 110.
55
What is the highest common factor of 590 and 4075130?
590
Calculate the greatest common divisor of 1404 and 949.
13
Calculate the highest common divisor of 6175 and 125.
25
What is the greatest common divisor of 8 and 150152?
8
What is the greatest common factor of 10270 and 50?
10
What is the highest common divisor of 2479 and 1998?
37
Calculate the highest common divisor of 14 and 1997212.
14
What is the greatest common divisor of 24 and 3378?
6
What is the highest common factor of 1256 and 28574?
314
Calculate the highest common factor of 498150 and 1050.
150
Calculate the highest common factor of 14720 and 230.
230
What is the highest common factor of 171281 and 506?
253
What is the highest common factor of 1505 and 80?
5
What is the greatest common divisor of 292828 and 76?
76
Calculate the greatest common factor of 8712024 and 68.
68
What is the greatest common factor of 1776 and 1200?
48
What is the highest common factor of 5072 and 32?
16
What is the highest common factor of 1014 and 38870?
338
Calculate the highest common divisor of 2916 and 110.
2
What is the greatest common divisor of 3923985 and 39?
39
Calculate the highest common divisor of 78 and 202618.
26
Calculate the greatest common divisor of 176724 and 108.
36
What is the greatest common factor of 460 and 8015040?
460
Calculate the greatest common divisor of 23 and 37982568.
23
What is the highest common divisor of 2842870 and 580?
290
Calculate the highest common factor of 178 and 100214.
178
Calculate the highest common divisor of 23064 and 145452.
372
Calculate the greatest common divisor of 9425 and 8990.
145
What is the greatest common divisor of 67715 and 261?
29
What is the highest common factor of 26535 and 7395?
435
Calculate the greatest common factor of 1029 and 1323.
147
Calculate the greatest common divisor of 134 and 12261.
67
What is the greatest common factor of 33 and 2317557?
33
What is the greatest common factor of 298 and 220222?
298
What is the highest common divisor of 18423 and 2277?
207
Calculate the greatest common divisor of 1602913 and 2652.
221
What is the greatest common factor of 282520 and 896?
56
What is the highest common divisor of 17 and 3779899?
17
Calculate the greatest common factor of 272 and 671704.
136
Calculate the greatest common divisor of 14 and 13594.
14
What is the greatest common factor of 255 and 86445?
255
What is the greatest common factor of 228488 and 364?
52
What is the greatest common factor of 218174 and 1?
1
Calculate the highest common divisor of 1050 and 768.
6
What is the greatest common divisor of 15419 and 357?
17
Calculate the highest common divisor of 473 and 4246.
11
What is the greatest common divisor of 237 and 18429?
3
Calculate the highest common factor of 1235 and 121600.
95
What is the greatest common divisor of 2007 and 2899?
223
What is the greatest common divisor of 7776 and 22356?
972
Calculate the highest common factor of 329 and 1290385.
47
What is the greatest common factor of 2 and 2342?
2
What is the highest common divisor of 12 and 126448?
4
What is the greatest common divisor of 266 and 574?
14
What is the greatest common factor of 3805 and 135?
5
What is the highest common factor of 96 and 7911?
3
Calculate the greatest common divisor of 48127 and 18734.
323
Calculate the greatest common divisor of 22525 and 2173.
53
Calculate the highest common divisor of 93921 and 39.
3
Calculate the greatest common divisor of 1381074 and 172.
86
What is the highest common divisor of 48 and 26004?
12
Calculate the highest common factor of 6 and 63978.
6
What is the highest common factor of 60 and 11775?
15
What is the highest common divisor of 203 and 93583?
203
Calculate the greatest common factor of 10206 and 75936.
42
What is the greatest common divisor of 20108 and 88?
44
What is the highest common factor of 22210 and 290?
10
What is the greatest common factor of 2690 and 310?
10
Calculate the highest common divisor of 17161 and 3406.
131
Calculate the highest common factor of 27 and 9261.
27
What is the greatest common divisor of 430 and 38614?
86
What is the greatest common divisor of 17776 and 10908?
404
What is the highest common divisor of 38780 and 20498?
554
What is the highest common factor of 711 and 123?
3
Calculate the greatest common divisor of 1834534 and 78.
26
What is the highest common factor of 1132 and 4679122?
566
What is the greatest common divisor of 223461 and 84?
21
Calculate the highest common factor of 4 and 3824.
4
Calculate the greatest common divisor of 2930 and 730.
10
Calculate the greatest common factor of 1305 and 223010.
145
Calculate the greatest common divisor of 12636 and 1028664.
468
Calculate the greatest common factor of 9145 and 9263.
59
Calculate the highest common factor of 162 and 117126.
162
What is the highest common divisor of 469 and 1580999?
469
Calculate the greatest common factor of 551145 and 30.
15
What is the greatest common divisor of 208356 and 582?
582
Calculate the highest common divisor of 5692995 and 15.
15
Calculate the highest common factor of 15 and 100605.
15
What is the greatest common divisor of 145 and 282605?
145
What is the greatest common divisor of 27864 and 2808?
216
Calculate the highest common divisor of 57 and 65797.
19
Calculate the greatest common divisor of 68 and 6131084.
68
What is the highest common factor of 832 and 46800?
208
What is the greatest common factor of 224244 and 54?
18
Calculate the highest common factor of 362691 and 114.
57
Calculate the greatest common factor of 2400 and 85760.
160
What is the greatest common factor of 6369 and 27654?
33
Calculate the greatest commo